+ 49*q + 149. Calculate k(-13).
19
Let m(t) = -144*t - 4315. Calculate m(-30).
5
Let c(s) = -187*s - 1504. Determine c(-8).
-8
Let r(p) = -p**3 - 47*p**2 + 62*p - 376. Calculate r(-48).
-1048
Let x(z) = -z**2 + 2*z + 119. Give x(0).
119
Let x(w) = 3*w**2 + 53*w + 27. What is x(-18)?
45
Let c(r) = -5*r**2 - 784*r - 6188. What is c(-8)?
-236
Let p(b) = 3*b**2 + b - 52. Give p(-8).
132
Let x(f) = f**3 + 12*f**2 - 58*f + 20. Give x(-16).
-76
Let f(a) = -a**3 - 387*a**2 + 1170*a - 3. Determine f(3).
-3
Let v(w) = 8*w - 72. What is v(6)?
-24
Let d(z) = z**3 + 41*z**2 + 68*z + 1117. What is d(-40)?
-3
Let v(f) = 34*f**2 + 4319*f + 117. Give v(-127).
-10
Let z(m) = 10*m**2 + 96*m - 35. What is z(-12)?
253
Let f(y) = -y**3 - 31*y**2 + 103*y + 35. What is f(-34)?
1
Let m(f) = -f**3 + 11*f**2 + 147*f - 29. Calculate m(19).
-124
Let v(q) = -q**3 + 2*q**2 - 16. What is v(-3)?
29
Let g(k) = -3*k**3 + 89*k**2 + 122*k + 39. Determine g(31).
-23
Let o(h) = 16*h**2 - 3*h - 3. What is o(-3)?
150
Let p(g) = -g**3 + 6*g**2 + 2107*g + 2. Calculate p(-43).
2
Let s(k) = -7*k**2 - 23*k + 19. Calculate s(-9).
-341
Let y(g) = -3*g**2 - 214*g + 2183. Give y(9).
14
Let o(b) = -58*b - 406. Calculate o(-7).
0
Let q(y) = 67*y + 596. Calculate q(-7).
127
Let a(j) = -2*j**3 + 31*j**2 + 23*j - 100. Determine a(16).
12
Let v(a) = -162*a - 11661. Determine v(-72).
3
Let b(a) = -6*a**2 - 254*a - 312. Determine b(-41).
16
Let h(p) = 12*p + 47. Give h(5).
107
Let f(k) = k**3 + 5*k**2 - 28*k - 21. Calculate f(-9).
-93
Let d(s) = 2*s**2 + 58*s - 343. What is d(-34)?
-3
Let c(l) = -l**3 - 6*l**2 + 45*l + 70. What is c(-12)?
394
Let o(x) = -7*x**3 - 40*x**2 + 11*x + 5. Determine o(-6).
11
Let p(x) = 2*x**2 - 26*x - 94. What is p(-3)?
2
Let q(b) = -17*b + 249. Determine q(16).
-23
Let g(w) = -w**3 + 10*w**2 + 15*w + 72. Give g(12).
-36
Let h(s) = -18*s - 287. Determine h(-13).
-53
Let v(y) = 4*y**2 - 18*y - 5. What is v(5)?
5
Let a(q) = 2*q**3 - 143*q**2 - 61*q - 702. What is a(72)?
90
Let h(x) = x**2 + 31*x + 181. What is h(-8)?
-3
Let c(u) = 46*u - 81. Calculate c(6).
195
Let l(g) = -2*g**2 - 48*g - 624. What is l(-16)?
-368
Let g(m) = -20*m - 362. Calculate g(-19).
18
Let q(x) = -11*x - 326. Give q(-29).
-7
Let h(i) = 16*i**3 + 5*i**2 - 8*i - 22. Calculate h(-2).
-114
Let m(w) = 19*w - 69. What is m(13)?
178
Let w(y) = -102*y**2 - 1654*y - 373. What is w(-16)?
-21
Let s(a) = -11*a**2 - 13*a - 9. Determine s(-2).
-27
Let u(i) = 132*i - 1631. Give u(12).
-47
Let l(k) = -8*k**2 + 23*k + 45. Determine l(-2).
-33
Let f(l) = 234*l**2 - l + 2. Determine f(-1).
237
Let d(u) = 57*u + 5913. What is d(-103)?
42
Let b(u) = 24*u - 711. Calculate b(33).
81
Let h(k) = 140*k + 162. Determine h(-5).
-538
Let m(n) = 46*n - 793. Calculate m(16).
-57
Let o(i) = -103*i + 686. Determine o(6).
68
Let b(j) = -90*j - 7556. What is b(-84)?
4
Let c(u) = -2*u**2 - 2*u - 17. Give c(10).
-237
Let o(f) = 415*f + 18253. What is o(-44)?
-7
Let j(z) = z**3 - 173*z**2 - 358*z + 1404. Give j(175).
4
Let o(d) = d**2 - 6*d - 77. Give o(-7).
14
Let g(u) = -145*u - 1456. Calculate g(-10).
-6
Let u(n) = n - 72. Determine u(65).
-7
Let v(i) = -2*i**3 - 163*i**2 - 233*i + 580. Give v(-80).
20
Let b(y) = y**3 - 8*y**2 - 8*y + 22. Give b(10).
142
Let u(y) = 29*y - 575. What is u(22)?
63
Let s(y) = -5*y - 154. What is s(-20)?
-54
Let u(n) = -20*n - 567. Give u(-11).
-347
Let o(u) = 2*u**3 + 29*u**2 + 48*u + 187. Determine o(-13).
70
Let y(v) = 24*v - 8. Calculate y(2).
40
Let r(p) = 867*p - 805. Give r(1).
62
Let b(z) = -5*z**2 + 58*z - 53. Determine b(12).
-77
Let a(c) = c**3 - 68*c**2 - 1055*c + 151. Give a(81).
-11
Let x(y) = 317*y + 46612. What is x(-147)?
13
Let y(a) = a**3 - 30*a**2 - 56*a - 224. Give y(32).
32
Let y(c) = -c**2 - 57*c + 743. What is y(-68)?
-5
Let a(b) = 43*b**3 - b**2 - 8*b - 8. Give a(-1).
-44
Let q(a) = -a**3 + 16*a**2 - 15*a + 270. Calculate q(14).
452
Let j(o) = -84*o + 3112. Calculate j(37).
4
Let b(c) = 13*c - 94. Determine b(-5).
-159
Let i(g) = 91*g + 2175. Determine i(-24).
-9
Let k(n) = 23*n + 191. Determine k(-14).
-131
Let z(t) = 768*t - 13047. Give z(17).
9
Let k(t) = 10*t**2 + 99. Determine k(0).
99
Let w(q) = 63*q + 1305. Calculate w(-23).
-144
Let r(m) = -m**3 - 11*m**2 + 11*m - 45. What is r(-11)?
-166
Let l(w) = 6*w**3 + 3*w**2 - 16*w + 70. Give l(-6).
-1022
Let w(y) = 2896*y + 55013. What is w(-19)?
-11
Let c(o) = -111*o + 1742. Determine c(16).
-34
Let z(j) = 4*j**3 - 6*j**2 + 1. Give z(2).
9
Let w(p) = 227*p - 10182. Determine w(45).
33
Let x(o) = o**2 - 8*o - 224. What is x(-16)?
160
Let p(t) = -71*t - 577. Determine p(-6).
-151
Let t(d) = 4*d**3 + 361*d**2 + 90*d + 12. Determine t(-90).
12
Let s(z) = -z**3 + 9*z - 17. What is s(3)?
-17
Let q(s) = -8*s**2 + 75*s + 159. Give q(11).
16
Let t(b) = -b**3 - 23*b + 87. Determine t(3).
-9
Let l(r) = r**3 + 18*r**2 + 5*r + 22. Determine l(-18).
-68
Let i(k) = 2*k**2 + 98*k - 876. Give i(8).
36
Let d(h) = 3*h**3 - 6*h**2 + h - 56. Give d(6).
382
Let r(m) = -2*m**3 + 20*m**2 - 3*m - 61. What is r(0)?
-61
Let p(j) = 7*j**3 - 47*j**2 - 11*j - 18. Determine p(7).
3
Let w(j) = -12*j**2 + 24*j + 24. What is w(3)?
-12
Let r(x) = 39*x - 1025. What is r(25)?
-50
Let q(g) = -19*g**3 - 10*g**2 - 3*g + 2. Determine q(-2).
120
Let o(d) = -d**3 - 14*d**2 + 24*d + 25. Calculate o(-16).
153
Let h(y) = 23*y - 938. What is h(42)?
28
Let v(l) = -l**2 - 56*l - 740. What is v(-21)?
-5
Let v(n) = 24*n**2 + 242*n + 42. Calculate v(-10).
22
Let p(g) = 28*g**3 + 925*g**2 + 38*g + 168. Give p(-33).
3
Let c(n) = -2*n**2 - 1055*n - 34014. Give c(-493).
3
Let k(q) = -51*q - 1237. What is k(-35)?
548
Let n(k) = -17*k + 90. Give n(15).
-165
Let k(w) = -w**3 - 81*w**2 + 16*w - 5405. Determine k(-82).
7
Let t(q) = q**2 - 148*q + 2005. Determine t(15).
10
Let z(p) = p**3 + 11*p**2 - 23*p - 107. Determine z(-9).
262
Let m(o) = 226*o - 409. What is m(3)?
269
Let b(q) = -131*q - 8627. Calculate b(-66).
19
Let i(c) = -c**3 - 46*c**2 + 46*c + 63. Give i(-47).
110
Let s(w) = w**3 - 40*w**2 - 13*w + 530. Calculate s(40).
10
Let m(g) = 3*g**3 - 38*g**2 - 83*g + 863. Give m(13).
-47
Let x(z) = -99*z**2 - 699*z - 5. Give x(-7).
37
Let v(y) = 54*y + 360. What is v(-7)?
-18
Let a(n) = n**3 + 6*n**2 + 6*n + 9. Determine a(-4).
17
Let r(n) = -8*n**2 - 69*n - 134. Give r(-6).
-8
Let o(d) = 4*d - 16. Calculate o(4).
0
Let t(u) = 6*u**2 - 173*u - 863. Give t(-5).
152
Let a(v) = v**3 - 62*v**2 - 199*v + 41. What is a(65)?
-219
Let i(l) = -l**2 + 79*l + 237. What is i(-3)?
-9
Let f(r) = 3575*r + 14309. Calculate f(-4).
9
Let a(k) = 8*k**3 - 7*k**2 + 6*k. What is a(1)?
7
Let k(y) = -5*y - 87. Determine k(-40).
113
Let j(w) = -2*w**2 + 14*w - 25. Determine j(5).
-5
Let j(t) = t**3 - 108*t**2 + 807*t - 675. Calculate j(100).
25
Let c(p) = 156*p + 5881. Give c(-38).
-47
Let u(z) = -325*z**2 - 8*z - 7. Calculate u(-1).
-324
Let n(y) = 4*y + 320. Calculate n(-83).
-12
Let f(p) = 4*p**3 - 2*p**2 - p. Calculate f(1).
1
Let i(z) = 3*z**2 + 126*z + 1206. Give i(-14).
30
Let h(y) = y**3 - 34*y**2 - 7*y - 2308. Calculate h(36).
32
Let c(w) = -20*w - 44. What is c(2)?
-84
Let h(v) = -v**3 + 20*v**2 - 31*v + 71. Determine h(19).
-157
Let f(d) = -7*d**2 + 553*d + 3351. Determine f(-6).
-219
Let b(j) = -2*j**2 - 18522*j - 111081. Give b(-6).
-21
Let u(z) = z**3 + 43*z**2 + 41*z + 1765. Calculate u(-43).
2
Let p(y) = -y**3 + 12*y**2 - 44*y - 5. Calculate p(3).
-56
Let n(b) = 2*b**2 - 2*b + 2. What is n(-4)?
42
Let x(n) = n**2 + 12*n - 243. What is x(8)?
-83
Let m(o) = -4*o**2 - 10*o + 426. What is m(15)?
-624
Let r(g) = g**3 - 16*g**2 - 261*g + 3905. Calculate r(13).
5
Let g(a) = 18*a**2 + 34*a + 19. What is g(-4)?
171
Let f(r) = -r**3 + 6*r**2 - 7*r + 9. Determine f(4).
13
Let r(b) = -2*b**2 - 40*b - 30. What is r(-18)?
42
Let d(n) = n**2 - 128*n + 3455. Determine d(89).
-16
Let u(v) = 87*v + 428. What is u(-8)?
-268
Let n(d) = -154*d + 3768. Give n(24).
72
Let t(m) = 14729*m + 309307. Calculate t(-21).
-2
Let k(f) = -f**3 + 3*f**2 + 167*f + 6. Determine k(-11).
-137
Let s(p) = 14*p + 368. Calculate s(-27).
-10
Let f(m) = -3*m**3 - 131*m**2 + 44*m + 10. Determine f(-44).
10
Let b(y) = -3*y**2 - 74*y + 254. Determine b(-28).
-26
Let y(p) = p**3 - 57*p**2 - 70*p + 693. Determine y(58).
-3
Let a(p) = 12*p - 1